{"id":9459,"date":"2024-06-29T00:58:24","date_gmt":"2024-06-28T21:58:24","guid":{"rendered":"https:\/\/opdrmuratdemirkan.com\/?page_id=9459"},"modified":"2024-07-04T09:32:44","modified_gmt":"2024-07-04T06:32:44","slug":"sisto-rektosel-ameliyatlari","status":"publish","type":"page","link":"https:\/\/opdrmuratdemirkan.com\/index.php\/sisto-rektosel-ameliyatlari\/","title":{"rendered":"Sisto-rektosel ameliyatlar\u0131"},"content":{"rendered":"\t\t<div data-elementor-type=\"wp-page\" data-elementor-id=\"9459\" class=\"elementor elementor-9459\">\n\t\t\t\t\t\t<section class=\"elementor-section elementor-top-section elementor-element elementor-element-f4394c4 elementor-section-boxed elementor-section-height-default elementor-section-height-default qodef-elementor-content-no\" data-id=\"f4394c4\" data-element_type=\"section\">\n\t\t\t\t\t\t<div class=\"elementor-container elementor-column-gap-default\">\n\t\t\t\t\t<div class=\"elementor-column elementor-col-100 elementor-top-column elementor-element elementor-element-f459e26\" data-id=\"f459e26\" data-element_type=\"column\">\n\t\t\t<div class=\"elementor-widget-wrap elementor-element-populated\">\n\t\t\t\t\t\t<div class=\"elementor-element elementor-element-6aa97ab elementor-widget elementor-widget-text-editor\" data-id=\"6aa97ab\" data-element_type=\"widget\" data-widget_type=\"text-editor.default\">\n\t\t\t\t<div class=\"elementor-widget-container\">\n\t\t\t<style>\/*! elementor - v3.22.0 - 24-06-2024 *\/\n.elementor-widget-text-editor.elementor-drop-cap-view-stacked .elementor-drop-cap{background-color:#69727d;color:#fff}.elementor-widget-text-editor.elementor-drop-cap-view-framed .elementor-drop-cap{color:#69727d;border:3px solid;background-color:transparent}.elementor-widget-text-editor:not(.elementor-drop-cap-view-default) .elementor-drop-cap{margin-top:8px}.elementor-widget-text-editor:not(.elementor-drop-cap-view-default) .elementor-drop-cap-letter{width:1em;height:1em}.elementor-widget-text-editor .elementor-drop-cap{float:left;text-align:center;line-height:1;font-size:50px}.elementor-widget-text-editor .elementor-drop-cap-letter{display:inline-block}<\/style>\t\t\t\t<p><strong>Sisto-Rektosel Ameliyatlar\u0131: Op. Dr. Murat Demirkan ile G\u00fcvenli ve Etkili \u00c7\u00f6z\u00fcmler<\/strong><\/p><p><strong>Sisto-Rektosel Ameliyat\u0131 Nedir?<\/strong><\/p><p>Sisto-rektosel ameliyatlar\u0131, pelvik organ sarkmalar\u0131n\u0131 (POP) tedavi etmek amac\u0131yla yap\u0131lan cerrahi i\u015flemlerdir. Sisto-rektosel, mesanenin (sisto) ve rektumun (rektosel) vajina duvar\u0131na do\u011fru sarkmas\u0131 durumudur. Bu durum, pelvik taban kaslar\u0131n\u0131n zay\u0131flamas\u0131 sonucu ortaya \u00e7\u0131kar ve genellikle do\u011fum yapm\u0131\u015f kad\u0131nlarda g\u00f6r\u00fcl\u00fcr. Op. Dr. Murat Demirkan, bu t\u00fcr sarkmalar\u0131n tedavisinde uzmanla\u015fm\u0131\u015f bir cerrah olarak, hastalar\u0131na g\u00fcvenilir ve etkili \u00e7\u00f6z\u00fcmler sunmaktad\u0131r.<\/p><p><img fetchpriority=\"high\" decoding=\"async\" class=\"alignnone wp-image-9555 size-large\" src=\"https:\/\/burgazadacazgunleri.com\/demo\/wp-content\/uploads\/2024\/07\/Sisto-Rektosel-Ameliyati-1024x768.png\" alt=\"\" width=\"1024\" height=\"768\" srcset=\"https:\/\/opdrmuratdemirkan.com\/wp-content\/uploads\/2024\/07\/Sisto-Rektosel-Ameliyati-1024x768.png 1024w, https:\/\/opdrmuratdemirkan.com\/wp-content\/uploads\/2024\/07\/Sisto-Rektosel-Ameliyati-300x225.png 300w, https:\/\/opdrmuratdemirkan.com\/wp-content\/uploads\/2024\/07\/Sisto-Rektosel-Ameliyati-768x576.png 768w, https:\/\/opdrmuratdemirkan.com\/wp-content\/uploads\/2024\/07\/Sisto-Rektosel-Ameliyati.png 1440w\" sizes=\"(max-width: 1024px) 100vw, 1024px\" \/><\/p><p><strong>Sisto-Rektosel Ameliyatlar\u0131n\u0131n Faydalar\u0131<\/strong><\/p><ul><li><strong>Fonksiyonel \u0130yile\u015ftirme<\/strong>: Ameliyat, sarkan organlar\u0131n do\u011fru pozisyonlar\u0131na getirilmesiyle idrar ka\u00e7\u0131rma, ba\u011f\u0131rsak problemleri ve cinsel i\u015flev bozukluklar\u0131n\u0131 giderir.<\/li><li><strong>Artan Ya\u015fam Kalitesi<\/strong>: Pelvik organ sarkmas\u0131 nedeniyle ya\u015fanan rahats\u0131zl\u0131k, a\u011fr\u0131 ve g\u00fcnl\u00fck ya\u015fam aktivitelerindeki zorluklar ameliyat sonras\u0131 azal\u0131r.<\/li><li><strong>Estetik \u0130yile\u015ftirme<\/strong>: Vajinal b\u00f6lgenin estetik g\u00f6r\u00fcn\u00fcm\u00fc de d\u00fczelir, bu da hastalar\u0131n \u00f6zg\u00fcvenini art\u0131r\u0131r.<\/li><\/ul><p><strong>Sisto-Rektosel Ameliyat\u0131 S\u00fcreci<\/strong><\/p><p>Op. Dr. Murat Demirkan, sisto-rektosel ameliyatlar\u0131n\u0131 hastanede, genel anestezi alt\u0131nda ger\u00e7ekle\u015ftirir. Ameliyat s\u0131ras\u0131nda, sarkan organlar dikkatlice yeniden konumland\u0131r\u0131l\u0131r ve vajina duvarlar\u0131 onar\u0131l\u0131r. \u0130\u015flem s\u00fcresi, sarkman\u0131n derecesine ve yap\u0131lacak m\u00fcdahaleye ba\u011fl\u0131 olarak de\u011fi\u015fir. Hastalar genellikle ameliyattan birka\u00e7 g\u00fcn sonra taburcu edilir ve tam iyile\u015fme s\u00fcreci birka\u00e7 hafta s\u00fcrer.<\/p><p><strong>Kimler \u0130\u00e7in Uygundur?<\/strong><\/p><p>Sisto-rektosel ameliyatlar\u0131, pelvik organ sarkmas\u0131 ya\u015fayan kad\u0131nlar i\u00e7in uygun bir tedavi se\u00e7ene\u011fidir. \u00d6zellikle \u00e7ok say\u0131da do\u011fum yapm\u0131\u015f, menopoz sonras\u0131 d\u00f6nemde olan veya kronik \u00f6ks\u00fcr\u00fck gibi pelvik tabana s\u00fcrekli bask\u0131 yapan durumlar ya\u015fayan kad\u0131nlar i\u00e7in idealdir. Op. Dr. Murat Demirkan, her hasta i\u00e7in kapsaml\u0131 bir de\u011ferlendirme yaparak en uygun tedavi plan\u0131n\u0131 olu\u015fturur.<\/p><p><strong>Neden Op. Dr. Murat Demirkan?<\/strong><\/p><p>Op. Dr. Murat Demirkan, estetik ve rekonstr\u00fcktif cerrahi alan\u0131nda geni\u015f bir deneyime sahip bir uzmand\u0131r. Hastalar\u0131na y\u00fcksek standartlarda medikal hizmet sunan Dr. Demirkan, pelvik organ sarkmalar\u0131n\u0131n tedavisinde ba\u015far\u0131l\u0131 sonu\u00e7lar elde etmektedir. Hastalar\u0131n\u0131n sa\u011fl\u0131\u011f\u0131 ve memnuniyeti \u00f6ncelikli olup, her bir hastas\u0131na \u00f6zel ve ki\u015fiselle\u015ftirilmi\u015f tedavi planlar\u0131 sunar.<\/p>\t\t\t\t\t\t<\/div>\n\t\t\t\t<\/div>\n\t\t\t\t\t<\/div>\n\t\t<\/div>\n\t\t\t\t\t<\/div>\n\t\t<\/section>\n\t\t\t\t<\/div>\n\t\t","protected":false},"excerpt":{"rendered":"<p>Sisto-Rektosel Ameliyatlar\u0131: Op. Dr. Murat Demirkan ile G\u00fcvenli ve Etkili \u00c7\u00f6z\u00fcmler Sisto-Rektosel Ameliyat\u0131 Nedir? Sisto-rektosel ameliyatlar\u0131, pelvik organ sarkmalar\u0131n\u0131 (POP) tedavi etmek amac\u0131yla yap\u0131lan cerrahi i\u015flemlerdir. Sisto-rektosel, mesanenin (sisto) ve rektumun (rektosel) vajina duvar\u0131na do\u011fru sarkmas\u0131 durumudur. Bu durum, pelvik taban kaslar\u0131n\u0131n zay\u0131flamas\u0131 sonucu ortaya \u00e7\u0131kar ve genellikle do\u011fum yapm\u0131\u015f kad\u0131nlarda g\u00f6r\u00fcl\u00fcr. Op. Dr. Murat [&hellip;]<\/p>\n","protected":false},"author":1,"featured_media":0,"parent":0,"menu_order":0,"comment_status":"closed","ping_status":"closed","template":"","meta":{"_joinchat":[],"footnotes":""},"class_list":["post-9459","page","type-page","status-publish","hentry"],"_links":{"self":[{"href":"https:\/\/opdrmuratdemirkan.com\/index.php\/wp-json\/wp\/v2\/pages\/9459","targetHints":{"allow":["GET"]}}],"collection":[{"href":"https:\/\/opdrmuratdemirkan.com\/index.php\/wp-json\/wp\/v2\/pages"}],"about":[{"href":"https:\/\/opdrmuratdemirkan.com\/index.php\/wp-json\/wp\/v2\/types\/page"}],"author":[{"embeddable":true,"href":"https:\/\/opdrmuratdemirkan.com\/index.php\/wp-json\/wp\/v2\/users\/1"}],"replies":[{"embeddable":true,"href":"https:\/\/opdrmuratdemirkan.com\/index.php\/wp-json\/wp\/v2\/comments?post=9459"}],"version-history":[{"count":7,"href":"https:\/\/opdrmuratdemirkan.com\/index.php\/wp-json\/wp\/v2\/pages\/9459\/revisions"}],"predecessor-version":[{"id":9624,"href":"https:\/\/opdrmuratdemirkan.com\/index.php\/wp-json\/wp\/v2\/pages\/9459\/revisions\/9624"}],"wp:attachment":[{"href":"https:\/\/opdrmuratdemirkan.com\/index.php\/wp-json\/wp\/v2\/media?parent=9459"}],"curies":[{"name":"wp","href":"https:\/\/api.w.org\/{rel}","templated":true}]}}